se 13) in base 15?
9
What is 83 (base 10) in base 13?
65
What is -1101 (base 2) in base 8?
-15
-10 (base 13) to base 5
-23
0 (base 15) to base 6
0
0 (base 7) to base 8
0
Convert 97 (base 13) to base 2.
1111100
Convert 2 (base 15) to base 2.
10
What is 306 (base 8) in base 11?
170
What is 11 (base 7) in base 8?
10
What is 13 (base 4) in base 10?
7
-3 (base 11) to base 3
-10
Convert -15 (base 8) to base 13.
-10
Convert 230 (base 4) to base 14.
32
Convert 3 (base 4) to base 16.
3
Convert 10 (base 4) to base 13.
4
What is -44 (base 8) in base 6?
-100
Convert 53 (base 9) to base 14.
36
Convert 2 (base 8) to base 5.
2
-12 (base 12) to base 13
-11
Convert 130 (base 4) to base 13.
22
What is 2 (base 16) in base 15?
2
What is -10 (base 10) in base 12?
-a
Convert 4 (base 10) to base 16.
4
14 (base 11) to base 15
10
Convert -80 (base 13) to base 7.
-206
-201 (base 3) to base 16
-13
101000 (base 2) to base 8
50
Convert 4 (base 9) to base 3.
11
What is 3 (base 4) in base 11?
3
What is 2111 (base 3) in base 7?
124
11 (base 11) to base 6
20
-201 (base 3) to base 15
-14
What is -231 (base 4) in base 11?
-41
What is -3 (base 9) in base 11?
-3
Convert -1 (base 4) to base 6.
-1
-3 (base 11) to base 6
-3
What is -21 (base 5) in base 16?
-b
-63 (base 7) to base 8
-55
5 (base 6) to base 3
12
-101 (base 2) to base 4
-11
5 (base 12) to base 7
5
Convert -109 (base 10) to base 14.
-7b
What is 0 (base 12) in base 7?
0
What is 109 (base 16) in base 9?
324
123 (base 4) to base 5
102
What is -40 (base 16) in base 8?
-100
What is -19 (base 12) in base 7?
-30
Convert 0 (base 6) to base 11.
0
Convert -1b (base 16) to base 12.
-23
Convert 23 (base 10) to base 14.
19
4 (base 7) to base 13
4
What is -30 (base 7) in base 12?
-19
What is 65 (base 15) in base 8?
137
What is 42 (base 10) in base 8?
52
Convert -14 (base 8) to base 10.
-12
13 (base 6) to base 10
9
Convert -51 (base 6) to base 14.
-23
What is 31 (base 5) in base 3?
121
What is -23 (base 4) in base 9?
-12
What is -78 (base 12) in base 13?
-71
What is -2a (base 14) in base 8?
-46
-2 (base 6) to base 3
-2
5 (base 10) to base 15
5
-2 (base 4) to base 12
-2
-10101010 (base 2) to base 8
-252
What is -111 (base 2) in base 14?
-7
What is 0 (base 10) in base 6?
0
Convert -10 (base 9) to base 15.
-9
61 (base 7) to base 9
47
What is -5 (base 12) in base 9?
-5
-1 (base 4) to base 3
-1
Convert 11 (base 2) to base 5.
3
-1010 (base 2) to base 3
-101
What is 6 (base 13) in base 4?
12
Convert 101111 (base 2) to base 11.
43
Convert -110 (base 2) to base 13.
-6
0 (base 12) to base 10
0
-90 (base 12) to base 13
-84
Convert 44 (base 6) to base 2.
11100
19 (base 10) to base 4
103
25 (base 12) to base 8
35
What is -6 (base 8) in base 5?
-11
What is 1200 (base 3) in base 10?
45
What is -10 (base 8) in base 6?
-12
-5 (base 16) to base 10
-5
What is -55 (base 13) in base 8?
-106
What is 3 (base 8) in base 7?
3
What is -3 (base 10) in base 3?
-10
-1 (base 6) to base 7
-1
Convert -7 (base 14) to base 12.
-7
What is -64 (base 15) in base 6?
-234
3 (base 15) to base 9
3
Convert 27 (base 8) to base 2.
10111
Convert -1c0 (base 14) to base 11.
-301
Convert -10 (base 2) to base 5.
-2
What is 3 (base 8) in base 2?
11
What is 66 (base 7) in base 13?
39
What is 6 (base 14) in base 10?
6
-7 (base 13) to base 7
-10
-2 (base 3) to base 13
-2
Convert -13c (base 14) to base 16.
-fa
Convert -3 (base 7) to base 16.
-3
Convert 1101 (base 3) to base 12.
31
Convert 29 (base 13) to base 6.
55
Convert 3002 (base 4) to base 11.
167
Convert 5 (base 16) to base 2.
101
3 (base 8) to base 5
3
Convert -100202 (base 3) to base 6.
-1115
-1 (base 2) to base 9
-1
What is -6 (base 16) in base 5?
-11
Convert 6 (base 15) to base 2.
110
7 (base 9) to base 10
7
What is -1 (base 3) in base 4?
-1
Convert -31 (base 14) to base 8.
-53
-10101110 (base 2) to base 11
-149
What is 1010011 (base 2) in base 11?
76
What is 1 (base 3) in base 10?
1
Convert 32 (base 8) to base 2.
11010
-23 (base 4) to base 12
-b
Convert 4 (base 13) to base 3.
11
What is 62 (base 15) in base 3?
10102
What is 5 (base 16) in base 2?
101
Convert -20 (base 10) to base 6.
-32
Convert -10 (base 8) to base 7.
-11
-36 (base 10) to base 8
-44
Convert 70 (base 13) to base 11.
83
What is 3 (base 12) in base 4?
3
e (base 15) to base 2
1110
What is 99 (base 13) in base 12?
a6
-1 (base 6) to base 11
-1
Convert -4 (base 6) to base 7.
-4
What is -53 (base 9) in base 3?
-1210
What is 120 (base 9) in base 6?
243
What is 4 (base 7) in base 10?
4
14 (base 7) to base 9
12
Convert -3 (base 12) to base 8.
-3
Convert -21 (base 15) to base 4.
-133
-10100000 (base 2) to base 8
-240
3023 (base 4) to base 2
11001011
5 (base 14) to base 5
10
What is -2 (base 8) in base 14?
-2
Convert 91 (base 10) to base 13.
70
What is 0 (base 4) in base 12?
0
32 (base 5) to base 2
10001
-63 (base 9) to base 14
-41
Convert 2 (base 16) to base 14.
2
What is 23 (base 13) in base 4?
131
Convert 3 (base 14) to base 9.
3
112 (base 9) to base 10
92
-2 (base 4) to base 12
-2
-3 (base 15) to base 11
-3
What is 521 (base 6) in base 2?
11000001
-5 (base 13) to base 5
-10
3 (base 5) to base 4
3
-1 (base 6) to base 12
-1
-3 (base 15) to base 3
-10
-5 (base 13) to base 4
-11
What is -25 (base 11) in base 5?
-102
What is 2d (base 14) in base 7?
56
2113 (base 5) to base 7
553
What is 0 (base 11) in base 5?
0
Convert 10121 (base 3) to base 6.
241
What is 90 (base 10) in base 2?
1011010
What is 3 (base 10) in base 3?
10
Convert -75 (base 9) to base 11.
-62
Convert -2 (base 14) to base 13.
-2
What is 122 (base 11) in base 15?
9a
93 (base 10) to base 2
1011101
Convert 104 (base 7) to base 13.
41
4e (base 15) to base 4
1022
What is -11011 (base 2) in base 4?
-123
Convert 3 (base 12) to base 8.
3
What is 0 (base 11) in base 9?
0
What is 2 (base 16) in base 8?
2
Convert -1 (base 13) to base 16.
-1
Convert 3 (base 15) to base 5.
3
What is -15a (base 11) in base 5?
-1221
-4 (base 15) to base 7
-4
What is -a (base 14) in base 8?
-12
2 (base 15) to base 11
2
-110 (base 3) to base 15
-c
Convert 64 (base 15) to base 10.
94
Convert -2 (base 14) to base 8.
-2
2 (base 13) to base 4
2
Convert -2 (base 7) to base 12.
-2
16 (base 14) to base 2
10100
Convert -5 (base 6) to base 5.
-10
Convert 75 (base 8) to base 15.
41
30 (base 8) to base 3
220
-83 (base 16) to base 3
-11212
-330 (base 5) to base 13
-6c
Convert 46 (base 8) to base 10.
38
-12 (base 13) to base 11
-14
What is 36 (base 9) in base 3?
1020
-21 (base 7) to base 8
-17
Convert 5 (base 9) to base 10.
5
Convert 29 (base 15) to base 7.
54
What is -3 (base 12) in base 14?
-3
-41 (base 7) to base 4
-131
What is 0 (base 8) in base 2?
0
What is -111 (base 14) in base 3?
-21211
Convert -18b (base 13) to base 9.
-345
Convert 19 (base 11) to base 15.
15
Convert -112 (base 5) to base 4.
-200
1 (base 16) to base 8
1
What is 0 (base 3) in base 4?
0
What is -20 (base 3) in base 5?
-11
1 (base 9) to base 7
1
What is 4f (base 16) in base 14?
59
136 (base 7) to base 9
84
Convert -84 (base 15) to base 11.
-103
What is 3 (base 8) in base 12?
3
Convert -5 (base 13) to base 3.
-12
Convert 45 (base 6) to base 13.
23
Convert 2 (base 10) to base 16.
2
What is 21 (base 4) in base 15?
9
16 (base 14) to base 4
110
-23 (base 4) to base 12
-b
22 (base 14) to base 8
36
111101 (base 2) to base 13
49
5c (base 14) to base 4
1102
-12 (base 6) to base 15
-8
What is 57 (base 8) in base 11?
43
36 (base 9) to base 4
201
What is 1001000 (base 2) in base 7?
132
-200 (base 6) to base 11
-66
-159 (base 13) to base 8
-363
2f (base 16) to base 11
43
Convert 102 (base 11) to base 15.
83
What is -5 (base 13) in base 14?
-5
Convert -1 (base 9) to base 6.
-1
What is -c (base 13) in base 3?
-110
Convert 41 (base 6) to base 14.
1b
Convert -a8 (base 11) to base 5.
-433
Convert 202 (base 4) to base 9.
37
What is -302 (base 5) in base 14?
-57
Convert 16 (base 12) to base 10.
18
11 (base 8) to base 6
13
What is -23 (base 8) in base 11?
-18
-92 (base 14) to base 15
-88
-35 (base 13) to base 8
-54
1 (base 14) to base 12
1
0 (base 11) to base 13
0
Convert -12 (base 11) to base 6.
-21
Convert -1 (base 3) to base 6.
-1
-10111100 (base 2) to base 8
-274
What is -4 (base 9) in base 11?
-4
What is -32 (base 12) in base 7?
-53
Convert -35 (base 15) to base 4.
-302
Convert -95 (base 15) to 